9 a factor of 75024985?
False
Is 1466773670 a multiple of 10?
True
Does 4198 divide 145294901?
False
Is 21 a factor of 14113428?
True
Does 12 divide 141240469?
False
Does 9 divide 3473867?
False
Is 927 a factor of 25778943?
True
Is 150348342 a multiple of 6?
True
Is 282862549 a multiple of 150?
False
Does 37 divide 59311?
True
Is 559 a factor of 61695712?
True
Does 40 divide 192144455?
False
Is 8603448 a multiple of 664?
True
Does 8 divide 1826263?
False
Is 201492678 a multiple of 6?
True
Is 5 a factor of 7919575?
True
Is 30765064 a multiple of 11?
True
Does 3630 divide 703196340?
True
Does 439 divide 2695021?
True
Does 15 divide 12483805?
False
Does 41 divide 60471722?
False
Is 45260923 a multiple of 813?
False
Is 35641647 a multiple of 27?
True
Is 2651779 a multiple of 4?
False
Is 18 a factor of 1634192845?
False
Is 2371 a factor of 22771084?
True
Does 2717 divide 51723668?
False
Does 15 divide 2981005360?
False
Is 3 a factor of 1080022?
False
Does 94 divide 71312348?
True
Does 8 divide 68812758?
False
Is 785089195 a multiple of 55?
True
Is 19361191 a multiple of 498?
False
Does 673 divide 147970969?
False
Does 23 divide 42681041?
False
Is 2001637976 a multiple of 20?
False
Is 20213712 a multiple of 18?
True
Does 3 divide 64300463?
False
Is 489630765 a multiple of 2102?
False
Does 76 divide 3018748424?
True
Is 89522869 a multiple of 37?
True
Is 28 a factor of 130959920?
True
Is 1452 a factor of 363031944?
True
Is 5 a factor of 95650355?
True
Is 114629844 a multiple of 238?
True
Is 36233736 a multiple of 124?
False
Is 65911404 a multiple of 22?
False
Is 13 a factor of 37625530?
False
Is 275439868 a multiple of 44?
True
Is 271122662 a multiple of 221?
False
Is 962575329 a multiple of 41?
False
Is 38991396 a multiple of 115?
False
Is 9526672 a multiple of 7?
False
Does 19 divide 4505354?
False
Is 9563 a factor of 5490366938?
True
Does 4 divide 46223192?
True
Is 67839809 a multiple of 150?
False
Does 3919 divide 1892656018?
False
Is 5 a factor of 106719895?
True
Is 12553106 a multiple of 386?
True
Is 214 a factor of 3823973490?
True
Is 27244458 a multiple of 6?
True
Is 142476672 a multiple of 192?
True
Does 685 divide 63981055?
True
Is 41 a factor of 643941613?
True
Does 57 divide 82256472?
True
Does 124 divide 18383618?
False
Does 11 divide 24377826?
True
Does 823 divide 174788740?
True
Does 6 divide 378557112?
True
Is 2116 a factor of 1061569692?
True
Is 8 a factor of 82879192?
True
Is 41487810 a multiple of 1670?
True
Is 22002654 a multiple of 103?
True
Is 59733034 a multiple of 314?
False
Is 207268285 a multiple of 1034?
False
Does 359 divide 311482760?
True
Does 263 divide 107551247?
False
Does 218 divide 2867844064?
True
Is 170 a factor of 2745370662?
False
Does 486 divide 56386206?
True
Is 2474244905 a multiple of 1355?
True
Is 55 a factor of 154121536?
False
Is 145 a factor of 497538668?
False
Is 6 a factor of 2581752108?
True
Does 27 divide 8801757?
True
Is 5 a factor of 71910852?
False
Does 4 divide 580350386?
False
Is 858 a factor of 82299032?
False
Is 829488786 a multiple of 51?
True
Does 3786 divide 946087326?
True
Is 51901312 a multiple of 465?
False
Is 54 a factor of 1831395474?
True
Does 10 divide 28477?
False
Is 134 a factor of 415116992?
True
Is 174491740 a multiple of 914?
True
Is 895 a factor of 194416511?
False
Is 10 a factor of 58035429?
False
Does 526 divide 6016914?
True
Does 32 divide 21989844?
False
Is 17 a factor of 1466113265?
False
Is 17546403 a multiple of 31?
True
Is 10647204 a multiple of 68?
False
Is 25839086 a multiple of 1233?
False
Is 3622 a factor of 758971990?
True
Is 1510764 even?
True
Is 16 a factor of 582977296?
True
Is 819253248 a multiple of 768?
True
Does 4500 divide 635904000?
True
Is 9291420 a multiple of 45?
True
Is 1326 a factor of 21319428?
True
Is 11824716 a multiple of 16?
False
Does 4789 divide 127706714?
False
Is 316 a factor of 4709073?
False
Does 95 divide 1727390?
False
Is 608949803 a multiple of 11?
True
Is 12438444 a multiple of 308?
False
Is 953 a factor of 17131266?
False
Is 3243367792 a multiple of 76?
True
Is 82 a factor of 10201692?
False
Does 17 divide 61867199?
True
Is 491 a factor of 660080270?
False
Is 3065 a factor of 205781035?
True
Is 6831830507 a multiple of 13?
False
Is 1478 a factor of 4480980?
False
Is 17359778 a multiple of 125?
False
Does 57 divide 121550391?
True
Is 318 a factor of 984921442?
False
Is 1153612721 a multiple of 409?
True
Is 17 a factor of 105594548?
True
Is 885 a factor of 163328930?
False
Does 6 divide 133654830?
True
Is 25 a factor of 25629623?
False
Is 61477744 a multiple of 872?
True
Is 1208 a factor of 1080675592?
True
Is 477 a factor of 222368542?
False
Is 19312741 a multiple of 7?
True
Does 56 divide 4177408782?
False
Does 44 divide 164245149?
False
Is 1417 a factor of 256096280?
False
Is 1274459479 a multiple of 2388?
False
Does 39 divide 38469917?
False
Is 103 a factor of 20058529?
True
Is 767033319 a multiple of 33?
False
Is 191 a factor of 45775060?
True
Does 99 divide 136550157?
False
Is 313205518 a multiple of 122?
False
Does 83 divide 29560782?
True
Is 216090440 a multiple of 40?
True
Is 102915055 a multiple of 3235?
True
Is 322140751 a multiple of 73?
True
Is 10096583 a multiple of 163?
False
Is 5584697018 a multiple of 20?
False
Does 13 divide 363497254?
False
Does 671 divide 6643903?
False
Is 40 a factor of 5401080?
True
Is 1285 a factor of 18303540?
True
Does 113 divide 14227152?
True
Does 566 divide 80352756?
True
Is 22 a factor of 213649182?
False
Is 32957343 a multiple of 2109?
True
Is 148812639 a multiple of 834?
False
Is 13998412 a multiple of 4?
True
Is 123580143 a multiple of 1400?
False
Is 311086104 a multiple of 625?
False
Is 243132531 a multiple of 56?
False
Is 4 a factor of 9977265?
False
Is 17 a factor of 22811607?
False
Is 13 a factor of 5037825?
True
Is 1533554180 a multiple of 10?
True
Is 5 a factor of 27453194?
False
Does 20 divide 26843060?
True
Does 34 divide 19564586?
True
Is 193468891 a multiple of 119?
True
Is 24 a factor of 149493648?
True
Is 152 a factor of 53408416?
False
Is 61215180 a multiple of 39?
True
Is 632637605 a multiple of 491?
False
Is 36432858 a multiple of 21?
True
Does 505 divide 861119940?
True
Is 65636329 a multiple of 68?
False
Is 1976 a factor of 58820785?
False
Is 93 a factor of 716865204?
True
Does 1241 divide 274334219?
True
Is 1547 a factor of 811688337?
False
Is 13 a factor of 1198662949?
False
Does 28 divide 1350240?
False
Is 757 a factor of 1802400343?
False
Is 1382889478 a multiple of 9?
False
Is 4314053 a multiple of 439?
True
Does 13 divide 100492561?
True
Is 12214940 a multiple of 2020?
True
Is 306228552 a multiple of 881?
True
Does 53 divide 493697061?
False
Does 642 divide 280444497?
False
Is 22 a factor of 251376356?
True
Is 42312824 a multiple of 112?
False
Is 80 a factor of 26909120?
True
Does 86 divide 476713158?
False
Does 8 divide 49762003?
False
Does 141 divide 26699478?
True
Is 1307 a factor of 3306648571?
True
Does 649 divide 75581907?
False
Is 21 a factor of 20189237?
False
Is 163121280 a multiple of 1272?
True
Is 434851694 a multiple of 3270?
False
Is 33357959 a multiple of 140?
False
Is 420 a factor of 27679260?
True
Is 356 a factor of 4119108742?
False
Is 8 a factor of 15600200?
True
Does 258 divide 92550018?
True
Is 5 a factor of 79046735?
True
Is 596 a factor of 145614597?
False
Is 56157103 a multiple of 17?
True
Is 8 a factor of 93231648?
True
Is 3696887 a multiple of 6?
False
Is 7 a factor of 237258?
True
Is 4141 a factor of 802756689?
False
Does 59 divide 87906445?
False
Is 236 a factor of 723831352?
True
Does 9 divide 8488392?
False
Is 128 a factor of 806376299?
False
Does 847 divide 30110850?
True
Is 384 a factor of 815044?
False
Is 16374738 a multiple of 643?
False
Does 2 divide 595220976?
True
Is 54281621 a multiple of 8?
False
Is 2212 a factor of 23875727?
False
Is 1154185378 a multiple of 202?
True
Is 359897508 a multiple of 1308?
True
Does 8569 divide 849702040?
True
Is 34557559 a multiple of 17?
False
Is 12 a factor of 310049505?
False
Is 261206331 a multiple of 6233?
True
Does 22 divide 529321223?
False
Does 134 divide 20163494?
False
Is 1328 a factor of 2033390076?
False
Is 12998186 a multiple of 70?
False
Is 703198245 a multiple of 1270?
False
Is 124